 -2*d - 232. What is the units digit of x?
0
Let a(p) = p**2 - 4*p + 1. Let w(o) = o + 1. Let d be w(-4). Let u = d + 7. What is the units digit of a(u)?
1
Let b = 9 - 0. Suppose -2*q - 10 = 0, y - b = 2*q - q. What is the units digit of y?
4
Let y = 11 - 7. Suppose -2*o = y*d - 3*o, o - 1 = 3*d. What is the units digit of d?
1
Suppose 5*p = 2*b + 393, 2*b + 235 = 3*p + b. What is the units digit of p?
7
Let g = 82 - 30. What is the tens digit of g?
5
Let n = 2 - -2. Let v be (16 - n) + 1/(-1). Suppose 2*d - v = 15. What is the tens digit of d?
1
Suppose -8 = -5*f + 2*h + 9, -4*h + 8 = 4*f. Suppose -f = -2*m + 1. What is the units digit of (14/(-4))/(m/(-4))?
7
Suppose -1 - 2 = -3*j. Let g = j + 1. Suppose 0 = g*d - 2 - 0. What is the units digit of d?
1
What is the tens digit of (2 + 6)*(-9)/(-2)?
3
Let k = 65 + -45. What is the units digit of k?
0
Let v(u) = -u**3 + 5*u**2 - u + 5. Let f be v(5). What is the units digit of (f - 1)*14/(-2)?
7
Let p(v) be the third derivative of 0 + 2*v**2 - 1/60*v**5 + 1/6*v**3 + 0*v + 5/24*v**4. What is the units digit of p(4)?
5
Let d(s) = 2*s**2 + 2*s + 6. Suppose -20 = 5*b + 5*k, 0*k - 4*k = -4. What is the units digit of d(b)?
6
Let d(b) = 9*b**3 - 2*b**2 + 4*b - 3. Let z be d(2). Suppose 5 = -2*f + z. What is the units digit of f?
2
Suppose 20 - 147 = -4*l + 3*j, -3*l + 59 = 5*j. Let r = 74 - l. What is the units digit of r?
6
Let y(p) = 2*p**3 - p**2 + 5*p**2 + 0 + 2 - 3*p**3 - 5*p. Let h be y(5). What is the units digit of ((-2)/4)/(3/h)?
8
Let h(t) = -27*t. Let p be h(-1). Let g = 46 - p. What is the units digit of g?
9
Let z(v) be the first derivative of v**2/2 + 6*v - 1. Let f be z(-4). Suppose 0 = -2*b + 4*p - f, -2*b = -3*p - 2*p + 3. What is the units digit of b?
1
Suppose 2*m + 0*m - 10 = 0. Let b be 3/m + (-14)/(-10). Suppose b*n - 6*y - 19 = -y, y = -5*n + 61. What is the tens digit of n?
1
Suppose 0 = j - 6*j + 20. Suppose j*k - 6 = -2. What is the units digit of k?
1
Let n(y) = y**2 - 17*y + 9. Let f be n(9). What is the units digit of (-387)/f + (-2)/14?
6
Let g = 5 + -7. Let v be (3 + g)/(3/(-9)). What is the units digit of v/(126/(-39) + 3)?
3
Let u(a) = -a**2 + 10*a - 14. Let v be u(8). What is the units digit of v/(-2 + -1 + 4)?
2
Let r be (0 - -9)*6/18. Suppose r*x - 32 = -x. What is the units digit of x?
8
Let r be 570/12*(-6)/(-5). Let t be (6/3 + -2)*1. Suppose t = 5*o - 18 - r. What is the tens digit of o?
1
Suppose 7*p - 51 = 3*p + 3*f, -2*f = -3*p + 39. Let z = p + -11. Suppose z*g - g - 30 = 0. What is the units digit of g?
0
Let w(m) = m**3 + 7*m**2 - 8*m. What is the tens digit of w(-5)?
9
Suppose 3*m - 59 - 100 = 0. What is the tens digit of m?
5
Suppose 6*z - 3*z = -6, 5*i + 5*z - 375 = 0. What is the tens digit of i?
7
Let i be 8/44 + (-60)/(-33). What is the tens digit of 59/i - (-8)/(-16)?
2
Let v = 11 - 1. What is the tens digit of 8/v*15/1?
1
Let f(n) = n**2 + 8*n + 2. Let o be f(-6). Let i(b) = b**3 + 11*b**2 + 6*b - 14. What is the units digit of i(o)?
6
Suppose 5 = h, -5*h = 3*j - 2*h - 99. What is the tens digit of j?
2
Suppose -r + 3*s = 5*s - 3, 2*r - 5*s = -21. Suppose -3*v = 2*a + 14, 5*a + 22 = -5*v + 2*a. What is the units digit of v + (r - -2)*-13?
1
What is the tens digit of ((-954)/(-5))/3 + (-4)/(-10)?
6
Let w = 11 - 11. Suppose 0 = -3*q - w*q - 4*s + 72, 5*s = -5*q + 125. What is the tens digit of q?
2
Suppose -34*a = -37*a + 324. What is the units digit of a?
8
Suppose 0 = -9*j + 5*j + 392. What is the tens digit of j?
9
Let a = 3 + 15. What is the tens digit of a?
1
Suppose -15 = -4*d - d. Suppose -d*u + u = -42. What is the tens digit of u?
2
Suppose 2*t = -2*m - 0*t - 6, 5*m + 2*t + 6 = 0. What is the units digit of -1 - (-10 + m)/1?
9
Suppose 4*p - 1 = 2*o + 3, 36 = 2*o + 4*p. What is the units digit of o?
8
Let k(u) = u**2 - u + 24. Let n be k(0). Suppose 0 = -5*i + 1 + n. Suppose i*l = -w - 15, 5*w + 4*l - 5 = 4. What is the units digit of w?
5
Let u(o) = -2*o - 7. Let m be -7 - (-1 + 3/(-3)). What is the units digit of u(m)?
3
What is the tens digit of ((-3)/(3/(-31)))/(-12 - -13)?
3
Let h be (-58)/(-4)*10 - 0. Suppose 0*i - 5*i = -2*s - h, 0 = -5*i + s + 145. Suppose 2*r + 7 = 3*f - 10, -5*f + 3*r = -i. What is the units digit of f?
7
Suppose 4*i + 37 = f, f + 2*i - 37 = i. Let q = -22 + f. What is the tens digit of q?
1
Let g(d) = d - 1. Let n be g(4). Let c(m) = m**3 - m**2 - 5*m + 3. Let t be c(n). Suppose -t*x + 14 = r - x, x = -2*r + 19. What is the units digit of r?
9
Let g be -2 + ((-36)/(-3))/3. Suppose g*j - 5 = -3*j. What is the units digit of 1 - (-1)/j - 0?
2
Let i(y) = y**2 + y + 4. Let g be i(0). Suppose g*r - 55 + 7 = 0. What is the tens digit of r?
1
Suppose 0 = k + k - 48. Suppose -10*m + k = -8*m. What is the tens digit of m?
1
Suppose 85 = 8*g - 67. What is the units digit of g?
9
Suppose -2*o + 6*o = 0. Suppose -3*u + o*u = 0. Suppose u = -0*f - 3*f + 21. What is the units digit of f?
7
Suppose -3*s + 3*j = 2*j - 262, 2*s - 2*j = 172. Let c be 76/18 + 2/(-9). What is the units digit of c/(-14) - s/(-14)?
6
Suppose 7*w - 2*w - 2*m = 12, 11 = 5*w - m. Suppose w*c - 15 = -9*u + 4*u, 2*c - 23 = 3*u. What is the tens digit of c?
1
Let i = 4 - 4. Let c be 1 + i + 4 + 1. Suppose -h = -v - 10, 0 = c*h - h - 4*v - 47. What is the units digit of h?
7
Let a = -159 - -333. What is the tens digit of a?
7
Let c(h) be the second derivative of 1/6*h**3 + 0 - 7/20*h**5 + 1/6*h**4 - 2*h + 0*h**2. What is the units digit of c(-1)?
8
Let q = 16 - 26. Let k(x) = -x**3 - 11*x**2 - 9*x + 12. Let p be k(q). Suppose p*c - 36 = -4*s, -4*c + 17 = 5*s - 40. What is the units digit of c?
8
What is the tens digit of ((-102)/4)/(6/(-8))?
3
Let r(i) be the first derivative of 3*i**2 - i + 1. Let n(a) = -a**3 + a**2 - a + 2. Let k be n(0). What is the units digit of r(k)?
1
Let v be 1/5 - 178/(-10). Suppose -n + t = -4*t - v, 72 = 4*n - 3*t. What is the tens digit of n?
1
Let c = -16 - -24. What is the units digit of c?
8
Suppose -13*o + 14*o - 95 = 0. What is the units digit of o?
5
Let p(s) = 3*s**3 - 3*s**2 + 4*s - 2. What is the tens digit of p(2)?
1
Suppose -2*b - 5 = 35. Let p = b + 53. What is the units digit of p?
3
Let f(t) = 3*t + 2. Let q be f(-4). Let k = -6 - q. Suppose 2*o - 16 = -5*s, 3*o - k*s + 3 = 4. What is the units digit of o?
3
Let s = -17 + 30. Let x be (-1 - 0) + (-3)/(-1). Suppose x*u - 5 = w, 0*w + 2*w + s = 5*u. What is the units digit of u?
3
Suppose 5*c - 3 = -0*c - 3*r, -2*c = 5*r + 14. Let u = -3 + c. Let z = 11 + u. What is the units digit of z?
1
Suppose -5*f = -3*f + 46. Let q = f - -34. What is the units digit of q?
1
Let v = 0 - -7. Suppose -2*f - 20 = -v*f. Suppose -5*j = -f*q - 20 - 17, -5*j + 55 = 5*q. What is the units digit of j?
9
Let f(s) be the second derivative of s**5/20 + 2*s**4/3 - 11*s**3/6 - 4*s**2 + s. What is the tens digit of f(-9)?
1
Let v(q) = -4*q - 4. Let h = 9 - 13. What is the units digit of v(h)?
2
Let j(f) be the third derivative of -f**6/80 + f**5/120 + f**4/12 - 2*f**2. Let g(w) be the second derivative of j(w). What is the tens digit of g(-1)?
1
Suppose 3*l - 125 = -3*r - l, 5*l - 10 = 0. What is the tens digit of r?
3
Let n(z) = 5*z + 6. Let t(a) = 6*a + 6. Let k(l) = -3*n(l) + 2*t(l). What is the tens digit of k(-6)?
1
Suppose 0 = 3*u + u - 12. Suppose k - 55 = -4*c, -u*c + c = 4*k - 24. What is the units digit of c?
4
Suppose 3*z + 32 = 6*c - c, -5*z = -c + 24. Let v be (75/(-6))/5*c. Let u = v + 15. What is the units digit of u?
5
Let g(k) = k**3 + 2*k**2 + 2*k + 1. Let t be g(-2). What is the units digit of 3*(-2 + 7 + t)?
6
Let w = 11 - 10. Let c(y) = 3*y**2 + y. What is the units digit of c(w)?
4
Let i(o) = 2*o**2 - 6*o - 7. Let z be i(5). Let b = -5 + -3. Let w = z + b. What is the units digit of w?
5
Let w(f) be the second derivative of -f**4/24 + 2*f**3 + f**2 - 2*f. Let p(v) be the first derivative of w(v). What is the units digit of p(5)?
7
Let o(l) = -l - 1. Let v be o(-1). Suppose 2*k - 5*k = 3*b + 12, 5*k = -4*b - 18. What is the units digit of -1*(1 + b + v)?
1
What is the tens digit of -1*(-59 - (-3 - 1))?
5
Let x = -9 - -63. What is the units digit of x?
4
Let a(w) = -w**2 + 15*w + 7. What is the units digit of a(15)?
7
Suppose 4*u + 0*u + 2*z = 0, -4*u + 3*z = -10. What i